, what is 404386 - -166?
404552
In base 2, what is 10101101 + -1010110001011001000010?
-1010110001010110010101
In base 15, what is -4 + a5678?
a5674
In base 5, what is 20343 - -1301222?
1322120
In base 4, what is -1322110301001 - -31?
-1322110300310
In base 11, what is -10 + 3343a702?
3343a6a2
In base 5, what is 334140231 - 12?
334140214
In base 12, what is 334 + -26140?
-25a08
In base 14, what is 1 + 43d91b6?
43d91b7
In base 5, what is 12313314201 - -141?
12313314342
In base 12, what is -3 - -2a81aa83?
2a81aa80
In base 6, what is -1032421 + 420?
-1032001
In base 10, what is 51613207 - 12?
51613195
In base 14, what is -19990 + -1b58?
-1b708
In base 12, what is -15 - -2207a3?
22078a
In base 4, what is -10122 - -3320303?
3310121
In base 8, what is 171265 + -43?
171222
In base 4, what is -13121 - 3332300?
-10012021
In base 9, what is -50 + -51282?
-51342
In base 13, what is a - 61852b6?
-61852a9
In base 5, what is 11420 - -1030033?
1042003
In base 15, what is -8bb + bb42?
b276
In base 15, what is 768c + 12d?
77ba
In base 14, what is -8bdd + -197?
-8d96
In base 11, what is 114062 - -12?
114074
In base 16, what is 8c28 + 166?
8d8e
In base 2, what is 10111000110011100 + -100?
10111000110011000
In base 16, what is 4 + 22076ae?
22076b2
In base 9, what is 1 - 24107435?
-24107434
In base 10, what is -6 + 89489500?
89489494
In base 15, what is -68b9 + 25?
-6894
In base 13, what is 0 - 84812b3?
-84812b3
In base 2, what is -1 - 10011110001101010?
-10011110001101011
In base 16, what is 41ee94 - -3?
41ee97
In base 5, what is -1221 + -1041120?
-1042341
In base 5, what is 112 + 221004131?
221004243
In base 9, what is -636 - 60450?
-61186
In base 4, what is 0 + 10022210223121?
10022210223121
In base 12, what is -1b - 11aa84?
-11aaa3
In base 4, what is -12120121022012 + -1?
-12120121022013
In base 14, what is 3 + 4b689a4?
4b689a7
In base 15, what is a77 - 6991?
-5e19
In base 15, what is -6e3c1 - 3?
-6e3c4
In base 4, what is 123 + 2222311311?
2222312100
In base 5, what is 10323132 + -202310?
10120322
In base 5, what is 124 + -1244413341?
-1244413212
In base 2, what is -101100 - 100010111100100111?
-100010111101010011
In base 11, what is 1a3 - -88619?
88811
In base 10, what is 13837 - 13480?
357
In base 6, what is -4044 - -25502213?
25454125
In base 16, what is -cc98 - -79?
-cc1f
In base 3, what is -10101 + -220201102202?
-220201120010
In base 4, what is 2012300312 + 1302?
2012302220
In base 13, what is 67279 - -64?
67310
In base 5, what is 24234004242 - 1?
24234004241
In base 11, what is 148 - 7047?
-69aa
In base 7, what is 4310 - -25316?
32626
In base 2, what is 100101010110011 + -101?
100101010101110
In base 9, what is 111345503 - -2?
111345505
In base 15, what is 65107 + 6d?
65175
In base 16, what is 2f + 19b3d7?
19b406
In base 2, what is -100010100111001 - 100111011001?
-100111100010010
In base 15, what is -267 - 593b?
-5ba3
In base 6, what is 101305 + 1340?
103045
In base 5, what is -2103310401 - -43?
-2103310303
In base 7, what is 1555120 + 46?
1555166
In base 15, what is ec4 - -741?
1715
In base 7, what is 2151 - -2232252?
2234433
In base 7, what is 11 - -260140211?
260140222
In base 13, what is -717797 + -3?
-71779a
In base 5, what is -203132 + -2140124?
-2343311
In base 7, what is -52 + 560664?
560612
In base 5, what is -343410 + -2404443?
-3303403
In base 15, what is -7 - 55cc97?
-55cc9e
In base 12, what is 337637 + -2b?
337608
In base 2, what is 1000 - -10001111100000110111000000?
10001111100000110111001000
In base 5, what is 124 + 4232441?
4233120
In base 12, what is -b07a9b9 - -1?
-b07a9b8
In base 7, what is 53035033 - -46?
53035112
In base 7, what is 42025013043 - 0?
42025013043
In base 6, what is 10542505 + -30054?
10512411
In base 13, what is 4215142 + 3?
4215145
In base 2, what is 101 - 101100111010111000?
-101100111010110011
In base 2, what is -10100010 - -10011100100010010100?
10011100011111110010
In base 8, what is -757547 + -115?
-757664
In base 15, what is -563 - -1204e?
119db
In base 5, what is 1323040041 - 41?
1323040000
In base 5, what is -24003124411 - 2?
-24003124413
In base 11, what is 501281 + -1111?
500170
In base 7, what is -2023505625 + 4?
-2023505621
In base 11, what is -a - -212077?
212068
In base 4, what is -11113233 + -2231?
-11122130
In base 16, what is 5 + a6aadf9?
a6aadfe
In base 10, what is 71 - -380511?
380582
In base 5, what is 4321320 - -1322?
4323142
In base 8, what is 3 - 207711014?
-207711011
In base 10, what is 3 + 2936350?
2936353
In base 14, what is d6 - -1d9b9b?
1d9c93
In base 12, what is -10 - 61821?
-61831
In base 5, what is 143423 + -13412304?
-13213331
In base 10, what is -215868581 + -1?
-215868582
In base 7, what is -3043 - -1411?
-1332
In base 15, what is -61d28 + 869?
-614ae
In base 7, what is -154456 - -62?
-154364
In base 3, what is -120010121020 + 120102?
-120010000211
In base 12, what is 413765 + 2a?
413793
In base 16, what is 1bbe66 + -7?
1bbe5f
In base 16, what is 3991561 + 1?
3991562
In base 7, what is 1145 + 601431?
602606
In base 13, what is 19c - 6359c9?
-63582a
In base 10, what is -3 + -20297062?
-20297065
In base 2, what is 1011100001111 + 11010111101111?
100110011111110
In base 13, what is 0 - -1197c804?
1197c804
In base 15, what is 1466e3 + 2?
1466e5
In base 16, what is -3 - -1128e76?
1128e73
In base 15, what is -18a84d3 + -3?
-18a84d6
In base 11, what is -643 + -5946?
-6489
In base 5, what is 40144 - 1343300?
-1303101
In base 9, what is -411385 + 38?
-411346
In base 4, what is 3020123 + 10123011?
13203200
In base 2, what is 11101111000000001000111001 - 11?
11101111000000001000110110
In base 16, what is b - -2cae?
2cb9
In base 14, what is -2 - -73b6505?
73b6503
In base 11, what is a16881 - -6?
a16887
In base 12, what is 6 + -1889?
-1883
In base 3, what is 101 + 20210000001002120?
20210000001002221
In base 15, what is -5d92 + -109?
-5e9b
In base 13, what is 31051 + 126b?
322bc
In base 14, what is 420b - 2909?
1702
In base 6, what is -12 + 311445553?
311445541
In base 13, what is -716a - 239a7?
-2ab44
In base 11, what is -65710441 + -5?
-65710446
In base 15, what is be + 9d5e?
9e2d
In base 6, what is -213 - 152312430?
-152313043
In base 6, what is -4 + -5102410552?
-5102411000
In base 15, what is -c05 - 4155?
-4d5a
In base 4, what is 120 - -331322000000?
331322000120
In base 15, what is 160439 + 46?
160480
In base 5, what is 10 + 14101314?
14101324
In base 3, what is -21222002 - -111210?
-21110022
In base 11, what is -485996 - -501?
-485495
In base 4, what is -3 + 121212121022?
121212121013
In base 4, what is -1030330330212321 + -2?
-1030330330212323
In base 16, what is -8f6 + 27f5?
1eff
In base 16, what is 0 + 3b79db?
3b79db
In base 13, what is c33c + -5322?
701a
In base 15, what is -1 - a6b58d9?
-a6b58da
In base 10, what is -173252813 - 2?
-173252815
In base 15, what is -3 + -1177cb8?
-1177cbb
In base 16, what is 5dba41 - 0?
5dba41
In base 13, what is 9 + 48541b?
485427
In base 15, what is 2591023 + -7?
259101b
In base 16, what is -1c7 - 47b41?
-47d08
In base 8, what is -101657026 - -71?
-101656735
In base 9, what is -1275354 + -4?
-1275358
In base 14, what is 4cd + -6566?
-6077
In base 2, what is 100 - -10011011000001100111001?
10011011000001100111101
In base 9, what is -10267087 + 0?
-10267087
In base 12, what is -29208a + -1?
-29208b
In base 3, what is 21022 - -10021222201001?
10021222222100
In base 15, what is -803 - -618a?
5887
In base 10, what is 0 + -3077410?
-3077410
In base 15, what is 1c122bcb - -3?
1c122bce
In base 14, what is b + -306229?
-30621c
In base 13, what is -796 - -2a7b?
22b5
In base 7, what is -45305 - -106?
-45166
In base 15, what is -40a7d - 17?
-40a95
In base 2, what is 1100101100 - -100001110101?
101110100001
In base 6, what is 433501 + 20?
433521
In base 9, what is -61833 + -6?
-61840
In base 14, what is -a2da + 3788?
-6952
In base 4, what is 111 + -3230220200?
-3230220023
In base 6, what is -32 - -3400121200?
3400121124
In base 6, what is 234315253 + 23?
234315320
In base 6, what is -433055 + -113?
-433212
In base 10, what is 0 + 813432?
813432
In base 16, what is 1a381 - -51?
1a3d2
In base 6, what is -54 + 251402?
251304
In base 15, what is 5d + -1d676?
-1d618
In base 2, what is -1011101010101010 + 11011011110100?
-1000001110110110
In base 4, what is 12202211